mainder when (-1017)/(-33) - a/(-22) is divided by 16?
15
Suppose -3*m - d = -55, -d = -4 + 3. Calculate the remainder when 154 is divided by m.
10
Let i(p) = p + 1 - 4*p + 2*p. Calculate the remainder when 45 is divided by i(-15).
13
Suppose 3*k - 2 = -56. Let l = 52 + -58. What is the remainder when (l/k)/(2/306) is divided by 18?
15
Let j(t) = -10*t - 10. Let q be j(-9). Calculate the remainder when 174 is divided by (4/5)/(2/q) - -3.
34
Suppose -2*c = -4*c - 2*g + 10, c - g - 1 = 0. Calculate the remainder when 29 is divided by c.
2
Suppose 3*y + 0*y - d - 5 = 0, 0 = -y + 3*d - 9. Suppose -4*b - c - y + 39 = 0, -45 = -5*b + c. Calculate the remainder when 43 is divided by b.
7
Let j be 2/((-18)/(-15) + -1). Let c = j + -4. Let l = 333 - 319. Calculate the remainder when l is divided by c.
2
Suppose -l + 40 = 10. Let z = -2 + l. What is the remainder when 80 is divided by z?
24
Let z(c) = -c - 1. Let h(r) = 4*r**2 + 7*r + 4. Let i(s) = -h(s) + 6*z(s). Let t be i(-8). What is the remainder when ((-5)/15)/(2/t) is divided by 10?
7
Let s be (-2 - (-84)/16)*-4. Let b = s - -45. Calculate the remainder when 124 is divided by b.
28
Suppose -u = -3, 0*u - 60 = -3*b - 5*u. Calculate the remainder when 552 is divided by b.
12
Suppose 11 - 3 = 4*t + 5*k, -3*t = -3*k - 6. Suppose t*l = 3*a - 28 - 166, -a = -4*l - 68. Let u = -49 + 71. What is the remainder when a is divided by u?
20
Suppose 3*u + 3*u = 426. What is the remainder when (u - -1) + (3 - 2) + 1 is divided by 26?
22
Suppose 0 = 585*d - 592*d + 679. Calculate the remainder when d is divided by 28.
13
Let l be (1*-10)/(-3*(-4)/(-6)). Suppose -2*w + l*w = -g + 18, 5*g - 74 = w. Calculate the remainder when 34 is divided by g.
4
Let l(i) = -i**2 - 10*i - 5. Let b = -790 + 794. Calculate the remainder when l(-7) is divided by b.
0
What is the remainder when 1632 is divided by -1 - 1986/(-45) - 20/150?
41
Suppose 82 = -7*n + 1069. What is the remainder when n is divided by 2?
1
Suppose 0 = w + w - 8. Suppose j - 3 = 3. Suppose 0 = -w*b + j*b - 12. Calculate the remainder when 10 is divided by b.
4
Let w = -1313 - -1327. What is the remainder when 236 is divided by w?
12
Let d(m) = -m - 13. Let f be d(-14). Let g be 0*1/2*f. Suppose g = 4*l + 3*c - 0 - 10, 0 = -5*l - 2*c + 9. Calculate the remainder when 1 is divided by l.
0
Let q = 15 - 9. Let f = 23 + -30. Let v = f + 11. What is the remainder when q is divided by v?
2
Calculate the remainder when 268/67 - -9*3 is divided by 2.
1
Let r = 347 - 344. Calculate the remainder when 18 is divided by r.
0
Let s be 6/(-2) - (-2 + 12). Let k = s + 26. Calculate the remainder when k is divided by ((-9)/(-6) + -4)*(-32)/10.
5
Let y(h) = h**3 - 46*h**2 - 84*h + 62. What is the remainder when y(48) is divided by 10?
8
Suppose -60 = -3*j - 9. Calculate the remainder when (-165)/(-3) + (-15)/3 is divided by j.
16
Let l(w) = -3719*w**3 + w**2 - 2*w - 2. Let k be l(-1). Let a(x) = x**2 + 13*x + 2. Let n be a(-13). What is the remainder when n/3 + k/36 is divided by 27?
23
What is the remainder when 15/((-180)/368)*9/(-6) is divided by 12?
10
Let q be (1 + -17)*3/6. Let j = 23 + q. What is the remainder when 59 is divided by j?
14
Let q(n) = 5*n**2 - 2*n + 1. Suppose -2*t - t + 212 = -4*p, -113 = -2*t - 3*p. Suppose y = 3*y - t. What is the remainder when y is divided by q(2)?
15
Let h(v) = -2*v**2 - 12*v - 2. Suppose -76 = -g - 28. What is the remainder when g is divided by h(-2)?
6
Let t = 131 - 138. Let f = 12 - t. What is the remainder when 54 is divided by f?
16
Suppose -4*f + 8*f - 100 = 0. Suppose -4*z = -f - 3. What is the remainder when z is divided by 2 - (-2 + 2)/(-2)?
1
Suppose 167 + 508 = 3*c. Let z = -82 - -152. Suppose -c + z = -5*f. What is the remainder when f is divided by 16?
15
Let w(q) = 535*q**2 - q. Let p be w(-1). Suppose -8*b + 784 + p = 0. Calculate the remainder when b is divided by 14.
11
Let i(n) = 3*n**2 - 22*n - 7. Let l(t) = t**3 + 5*t**2 - 3*t - 7. Let g be l(-5). Calculate the remainder when 15 is divided by i(g).
6
Let c = 22 + 0. Suppose -1 = z + 2. Calculate the remainder when (-6)/z - c/(-2) is divided by 8.
5
Suppose -2*w + 36 = -3*x, -64 + 23 = -3*w - 2*x. Suppose 5*i + 4*u + 0*u - 60 = 0, 34 = 3*i + 2*u. Calculate the remainder when w is divided by i.
7
Suppose -5*j = -2*a + 11, 3*j + 5 - 2 = 0. Calculate the remainder when 126 is divided by (-12)/((-105)/(-40) - a).
30
Suppose 0 = 2*v + 2*v - 68. Let x = v - 17. Suppose x = 5*l - 2 - 83. Calculate the remainder when l is divided by 6.
5
Let f = 52 + 2. Suppose -3*w = -5*q - 78, 0 = 2*w - 5*q + q - f. Let l = 33 - w. What is the remainder when 21 is divided by l?
9
Let q(l) = 3*l - 2*l + 1 - 2*l + 5. Suppose -2*g - 5*n - 6 = 0, -g + 0*g - 4*n - 9 = 0. What is the remainder when q(-7) is divided by g?
6
Suppose k - 8 = b + 15, 0 = 3*k - 2*b - 71. Calculate the remainder when 62 is divided by k.
12
Let m = 192 - -110. Calculate the remainder when m is divided by 62.
54
Let t(w) = w**3 - 6*w**2 + 2*w - 13. Let x be t(6). What is the remainder when 41 is divided by 3*(-1 + -1)/x?
5
Calculate the remainder when 109 is divided by (-38)/3*2/((-4)/3).
14
Suppose 5*m + 69 = 94. Suppose 3*r - 87 = -m*i, 84 = 4*r - 4*i - 64. What is the remainder when r is divided by 10?
4
Let r be (-7)/((-7)/(-6)) + -2. Let k = r - -21. Let h = 54 - 16. What is the remainder when h is divided by k?
12
Suppose -3*r + 165 = 3*f, 4*f + 0*r - 221 = -5*r. Calculate the remainder when 645 is divided by f.
51
Let v(q) = q**2 + 2*q - 3. Suppose 0 = -c + d + 11, 33*d = 3*c + 32*d - 35. Calculate the remainder when v(6) is divided by c.
9
Let i(u) = -u**3 - 7*u**2 - 8*u - 3. What is the remainder when 135/(-18)*(-14)/3 is divided by i(-6)?
8
What is the remainder when (-71676)/(-165) - (-14)/(-10) is divided by 15?
13
What is the remainder when ((4/5)/(-2))/((-2)/70) is divided by 10?
4
Let s(z) = 4*z**2 + 160*z + 54. Calculate the remainder when s(-41) is divided by 11.
9
Suppose 62 = 5*p + 7. Calculate the remainder when 1351 is divided by p.
9
Suppose 2*i - 148 - 206 = 0. Calculate the remainder when i is divided by 15.
12
Let x = 231 - 197. What is the remainder when 99 is divided by x?
31
Let k be (5/(-15))/1*(-7 - -1). Let r(m) = 16*m**3 - 3*m**2 + 2*m. Calculate the remainder when r(k) is divided by 43.
34
Let s(r) = 11*r**2 + 2*r - 2. Let g = -2 - -23. Suppose 0 = 16*m - g*m + 50. Calculate the remainder when s(-2) is divided by m.
8
Suppose -398 = -8*w + 6*w. Calculate the remainder when w is divided by 68.
63
Let y = -730 + 748. What is the remainder when y is divided by 10?
8
Let k = -10 + 10. Calculate the remainder when 21 is divided by -1 + 5 + 7 + k.
10
Let j = 4 + 15. Let b = 22 + -18. Suppose b*w - 4*h - 140 = 0, -3*w - 5*h = -0*h - 105. What is the remainder when w is divided by j?
16
Suppose 1501 = -28*h + 4245. What is the remainder when h is divided by 33?
32
Let u = -134 - -137. Suppose -1 - 20 = 5*l + k, -12 = -3*k. Calculate the remainder when (-57)/l - (-12)/(-30) is divided by u.
2
Let h = -1937 - -1963. What is the remainder when 1*75 + 1 + -1 is divided by h?
23
Suppose -22*z = -3*k - 25*z + 6393, -5*k + z + 10643 = 0. Calculate the remainder when k is divided by 71.
70
Let c(p) = -p + 34. Calculate the remainder when (3504/(-15))/(-4) - 4/10 is divided by c(24).
8
Let p(d) = 59*d + 534. Calculate the remainder when 431 is divided by p(-8).
59
Let w be 3/(-2)*16/(-6). Let u be w/(-10) - 64/(-10). Suppose -m - 435 = -u*m. What is the remainder when m is divided by 22?
21
Let s(d) = -d**3 - 20*d**2 + d - 290. Calculate the remainder when s(-21) is divided by 25.
5
Suppose 23 = t + r, -t + 63 = 2*t - 3*r. Calculate the remainder when t is divided by 9.
4
Let c be (6/4)/((-11)/110). What is the remainder when (c/6)/(-1)*(-168)/(-15) is divided by (1/2)/(2/20)?
3
Suppose 0 = -4*l - x + 703, -3*x = l - 222 + 38. Calculate the remainder when l is divided by 61.
53
Let n(p) = 2*p**2 - 3*p + 1. Let u be (-1 + 1 - 15/5) + -2. Let w(z) = -5*z - 18. Calculate the remainder when w(u) is divided by n(2).
1
Suppose -82*v - 3396 = -94*v. What is the remainder when v is divided by 37?
24
Let n(c) = -34*c - 109. Calculate the remainder when 130 is divided by n(-4).
22
Let d = -25 + 17. Let q(o)